 120651?
3, 131, 307
What are the prime factors of 5223827?
7, 401, 1861
List the prime factors of 1650503.
23, 71761
What are the prime factors of 660272?
2, 29, 1423
What are the prime factors of 6399065?
5, 1279813
What are the prime factors of 591856?
2, 71, 521
List the prime factors of 243244.
2, 60811
What are the prime factors of 1513203?
3, 31, 53, 307
List the prime factors of 4606391.
41, 283, 397
List the prime factors of 134911.
7, 19273
What are the prime factors of 2148926?
2, 13, 82651
List the prime factors of 69846.
2, 3, 7, 1663
List the prime factors of 181020.
2, 3, 5, 7, 431
What are the prime factors of 708191?
11, 64381
List the prime factors of 32159189.
17, 59, 32063
What are the prime factors of 343599?
3, 53, 2161
List the prime factors of 805464.
2, 3, 11, 113
List the prime factors of 4371465.
3, 5, 7, 17, 31, 79
List the prime factors of 19255886.
2, 13, 283, 2617
List the prime factors of 364504.
2, 7, 23, 283
What are the prime factors of 611425?
5, 37, 661
List the prime factors of 163516.
2, 40879
List the prime factors of 68292.
2, 3, 7, 271
What are the prime factors of 673136?
2, 42071
What are the prime factors of 3836318?
2, 389, 4931
List the prime factors of 1850890.
2, 5, 185089
What are the prime factors of 608448?
2, 3, 3169
List the prime factors of 301419.
3, 107, 313
List the prime factors of 3118054.
2, 109, 14303
What are the prime factors of 38183?
38183
List the prime factors of 3805845.
3, 5, 349, 727
What are the prime factors of 1013147?
349, 2903
What are the prime factors of 19167416?
2, 2395927
What are the prime factors of 10540490?
2, 5, 1054049
What are the prime factors of 393260?
2, 5, 7, 53
What are the prime factors of 1788336?
2, 3, 11, 1129
List the prime factors of 15873.
3, 11, 13, 37
List the prime factors of 1917968.
2, 13, 9221
What are the prime factors of 214372?
2, 53593
List the prime factors of 679043.
619, 1097
What are the prime factors of 1365815?
5, 11, 19, 1307
What are the prime factors of 19503312?
2, 3, 29, 14011
List the prime factors of 100734.
2, 3, 103, 163
What are the prime factors of 34038786?
2, 3, 499, 11369
List the prime factors of 899068.
2, 73, 3079
What are the prime factors of 130502?
2, 23, 2837
What are the prime factors of 3184480?
2, 5, 13, 1531
List the prime factors of 942686.
2, 37, 12739
List the prime factors of 2191704.
2, 3, 29, 47, 67
What are the prime factors of 2891314?
2, 1445657
What are the prime factors of 515635?
5, 281, 367
List the prime factors of 2318846.
2, 1159423
List the prime factors of 4496581.
31, 73, 1987
What are the prime factors of 578126?
2, 289063
List the prime factors of 102818.
2, 101, 509
What are the prime factors of 10481531?
10481531
List the prime factors of 246339.
3, 101, 271
List the prime factors of 2187945.
3, 5, 19, 853
What are the prime factors of 1297070?
2, 5, 129707
What are the prime factors of 347307?
3, 115769
What are the prime factors of 30780776?
2, 13, 43, 6883
What are the prime factors of 134633?
31, 43, 101
List the prime factors of 199274.
2, 17, 5861
List the prime factors of 9703613.
83, 116911
What are the prime factors of 1145425?
5, 45817
What are the prime factors of 1088058?
2, 3, 41, 4423
What are the prime factors of 1147929?
3, 382643
What are the prime factors of 276070?
2, 5, 19, 1453
List the prime factors of 1634136.
2, 3, 7, 71, 137
List the prime factors of 420089.
199, 2111
What are the prime factors of 1609587?
3, 7, 29, 881
List the prime factors of 48175.
5, 41, 47
List the prime factors of 3182031.
3, 67, 1759
What are the prime factors of 24117108?
2, 3, 2009759
List the prime factors of 137316.
2, 3, 11443
What are the prime factors of 593698?
2, 7, 42407
What are the prime factors of 1301756?
2, 325439
List the prime factors of 2670290.
2, 5, 7, 37, 1031
What are the prime factors of 350532?
2, 3, 7, 13, 107
List the prime factors of 6014035.
5, 1202807
List the prime factors of 3651810.
2, 3, 5, 121727
List the prime factors of 13008378.
2, 3, 47, 163, 283
What are the prime factors of 5239607?
23, 37, 47, 131
List the prime factors of 173217.
3, 11, 29, 181
What are the prime factors of 20334742?
2, 29, 229, 1531
List the prime factors of 20224303.
11, 19, 463
What are the prime factors of 794560?
2, 5, 13, 191
List the prime factors of 216123.
3, 61, 1181
List the prime factors of 46991.
7, 137
What are the prime factors of 18305795?
5, 47, 61, 1277
List the prime factors of 14926.
2, 17, 439
What are the prime factors of 147761?
147761
List the prime factors of 287505.
3, 5, 6389
What are the prime factors of 1168161?
3, 367, 1061
List the prime factors of 10668582.
2, 3, 53, 211
What are the prime factors of 5039906?
2, 2519953
List the prime factors of 341151.
3, 113717
List the prime factors of 235283.
37, 6359
List the prime factors of 979641.
3, 13, 2791
What are the prime factors of 148364?
2, 29, 1279
List the prime factors of 5406039.
3, 83, 7237
What are the prime factors of 1404792?
2, 3, 109, 179
What are the prime factors of 29420137?
29420137
List the prime factors of 108795.
3, 5, 7253
List the prime factors of 267222.
2, 3, 44537
What are the prime factors of 105508?
2, 13, 2029
What are the prime factors of 73258?
2, 36629
List the prime factors of 1733984.
2, 7, 7741
List the prime factors of 901582.
2, 11, 107, 383
List the prime factors of 1484608.
2, 23197
What are the prime factors of 797203?
11, 23, 137
What are the prime factors of 5902551?
3, 72871
List the prime factors of 448775.
5, 29, 619
What are the prime factors of 1952946?
2, 3, 108497
What are the prime factors of 1856083?
1856083
List the prime factors of 13044699.
3, 67, 7211
List the prime factors of 17002741.
7, 41, 59243
What are the prime factors of 1014675?
3, 5, 83, 163
What are the prime factors of 349896?
2, 3, 61, 239
List the prime factors of 270717.
3, 90239
What are the prime factors of 277486?
2, 11, 12613
What are the prime factors of 216207?
3, 24023
List the prime factors of 659976.
2, 3, 107, 257
List the prime factors of 385334.
2, 192667
List the prime factors of 1345101.
3, 448367
What are the prime factors of 23699674?
2, 373, 31769
What are the prime factors of 478002?
2, 3, 7, 19, 599
List the prime factors of 1128282.
2, 3, 47, 4001
List the prime factors of 208389.
3, 69463
List the prime factors of 190470.
2, 3, 5, 7, 907
What are the prime factors of 55235?
5, 11047
List the prime factors of 13595317.
19, 37, 83, 233
List the prime factors of 133070.
2, 5, 7, 1901
List the prime factors of 2583110.
2, 5, 97, 2663
List the prime factors of 10494487.
10494487
What are the prime factors of 2084585?
5, 19, 21943
List the prime factors of 2191243.
2191243
What are the prime factors of 1393560?
2, 3, 5, 7, 79
What are the prime factors of 672727?
11, 23, 2659
List the prime factors of 1562687.
7, 223241
What are the prime factors of 638705?
5, 139, 919
What are the prime factors of 427986?
2, 3, 13, 31, 59
List the prime factors of 6510562.
2, 3255281
List the prime factors of 43265.
5, 17, 509
List the prime factors of 284564.
2, 7, 10163
List the prime factors of 6361956.
2, 3, 58907
List the prime factors of 13251622.
2, 547, 12113
What are the prime factors of 24989485?
5, 137, 191
What are the prime factors of 2594004?
2, 3, 7, 30881
List the prime factors of 227853.
3, 29, 97
List the prime factors of 532247.
19, 109, 257
What are the prime factors of 9537782?
2, 17, 163, 1721
List the prime factors of 171368.
2, 31, 691
What are the prime factors of 3394872?
2, 3, 13, 31
List the prime factors of 169528.
2, 21191
What are the prime factors of 316846?
2, 17, 9319
List the prime factors of 1548439.
71, 113, 193
List the prime factors of 87870.
2, 3, 5, 29, 101
What are the prime factors of 7867603?
107, 73529
List the prime factors of 21565406.
2, 1753, 6151
What are the prime factors of 1848141?
3, 29, 73, 97
What are the prime factors of 1226616?
2, 3, 51109
List the prime factors of 3207321.
3, 13, 79, 347
List the prime factors of 189939.
3, 63313
List the prime factors of 3066531.
3, 13, 61, 1289
What are the prime factors of 1492456?
2, 7, 29, 919
What are the prime factors of 12267833?
12267833
What are the prime factors of 619367